mon divisor of 7 and 160723?
1
Calculate the greatest common divisor of 133 and 26088615.
133
Calculate the greatest common factor of 211410 and 150336.
4698
What is the greatest common factor of 1449 and 66454659?
207
What is the highest common divisor of 16 and 549900?
4
What is the greatest common divisor of 21108395 and 6104?
763
Calculate the greatest common factor of 155 and 12452576.
31
Calculate the greatest common divisor of 269 and 79531.
1
Calculate the highest common divisor of 11902 and 138347.
11
What is the greatest common factor of 168 and 218831739?
21
Calculate the highest common divisor of 2914665 and 3159.
39
What is the highest common factor of 151200 and 283248?
1008
What is the highest common factor of 988754 and 113152?
442
Calculate the greatest common factor of 36 and 7229486772.
36
What is the greatest common divisor of 97587378 and 1566?
522
Calculate the greatest common factor of 2106813 and 126564.
597
What is the highest common factor of 10553760 and 509040?
5040
Calculate the highest common factor of 3882 and 271268337.
1941
Calculate the greatest common factor of 204832681 and 63943.
5813
What is the greatest common divisor of 87389372 and 14556?
4852
What is the highest common divisor of 76652640 and 2880?
1440
Calculate the highest common divisor of 613266500 and 935.
935
What is the highest common divisor of 19550043 and 81?
9
Calculate the greatest common factor of 16471 and 1270906.
91
Calculate the highest common divisor of 9913 and 2831093.
23
Calculate the greatest common divisor of 485378536 and 2568.
856
What is the greatest common divisor of 549 and 3467682?
9
What is the greatest common divisor of 58 and 397010319?
29
What is the highest common factor of 28946 and 601306?
82
What is the highest common divisor of 112 and 5035447088?
112
What is the highest common factor of 54885 and 1875?
15
Calculate the highest common factor of 432 and 32160432.
48
What is the greatest common factor of 2694 and 2280885876?
2694
What is the greatest common divisor of 16992990 and 21546?
1134
What is the highest common divisor of 3370752 and 41328?
1008
Calculate the highest common divisor of 1320 and 2694480.
120
Calculate the greatest common factor of 10779468 and 1428.
84
What is the greatest common factor of 11060 and 117249825?
2765
Calculate the highest common divisor of 11583 and 1066923.
1287
Calculate the greatest common factor of 8679054 and 7.
1
Calculate the greatest common divisor of 2725 and 10111385.
545
Calculate the highest common divisor of 18033652 and 338.
338
What is the highest common divisor of 34578708 and 1548?
516
What is the highest common divisor of 4600 and 141767400?
4600
What is the greatest common factor of 670 and 12962490?
670
Calculate the greatest common divisor of 4988 and 62524.
116
Calculate the highest common factor of 77575 and 4105675.
725
Calculate the highest common divisor of 1425366 and 18.
18
Calculate the highest common factor of 159456804 and 221.
221
Calculate the greatest common factor of 76104 and 174990276.
5436
Calculate the highest common factor of 764202 and 60702.
402
What is the highest common divisor of 5638502 and 3406?
262
Calculate the greatest common factor of 126 and 9039969.
9
Calculate the highest common factor of 19853249 and 26.
13
Calculate the highest common divisor of 45625 and 29639825.
1825
What is the greatest common factor of 2093256 and 69201?
297
Calculate the greatest common factor of 1213110 and 9270.
90
What is the highest common divisor of 14762527 and 325?
13
Calculate the greatest common factor of 362874 and 261564.
1842
What is the highest common divisor of 215 and 323383650?
215
Calculate the greatest common factor of 18685 and 266215.
185
Calculate the highest common factor of 5005739 and 118631.
1223
Calculate the highest common divisor of 1568 and 226928.
16
What is the greatest common factor of 2785144 and 88?
8
Calculate the highest common factor of 4977 and 2735973.
9
Calculate the highest common factor of 8550673 and 328.
41
What is the greatest common factor of 961462398 and 26?
26
What is the highest common factor of 2371764 and 156?
12
What is the highest common factor of 363 and 2855655?
33
Calculate the highest common factor of 2023541 and 2717.
13
What is the highest common factor of 20293 and 72378887?
1561
What is the highest common divisor of 2183 and 630129499?
2183
Calculate the highest common divisor of 42 and 14587902.
42
What is the greatest common divisor of 7860306 and 9447?
201
What is the greatest common divisor of 625583 and 34?
17
What is the greatest common factor of 15748 and 249790839?
3937
Calculate the greatest common divisor of 124947731 and 1231.
1231
Calculate the highest common factor of 1103499 and 477.
9
Calculate the highest common factor of 8628 and 1607474052.
8628
What is the greatest common divisor of 225215838 and 126?
18
Calculate the greatest common factor of 70613286 and 10278.
3426
Calculate the greatest common factor of 2492 and 5201872.
356
What is the highest common divisor of 24 and 1516776744?
24
Calculate the highest common divisor of 9583 and 261479.
1369
Calculate the highest common factor of 5167 and 52977251.
5167
What is the greatest common divisor of 213301 and 517?
11
Calculate the highest common divisor of 1404 and 5506332.
156
Calculate the highest common factor of 366464 and 287.
7
What is the highest common factor of 97024975 and 25?
25
Calculate the highest common factor of 13892 and 3148.
4
What is the highest common factor of 48408647 and 7?
7
Calculate the greatest common divisor of 12705 and 80751.
33
What is the highest common divisor of 734053 and 14104?
43
What is the greatest common factor of 333249 and 3675?
147
Calculate the highest common divisor of 114705412 and 4.
4
What is the greatest common factor of 8700 and 2693367750?
4350
Calculate the greatest common divisor of 11989 and 501695.
19
What is the greatest common factor of 338051 and 343?
49
Calculate the highest common divisor of 44958 and 129387.
177
Calculate the greatest common factor of 1166832 and 18981.
999
What is the greatest common divisor of 3484824 and 120?
24
Calculate the highest common divisor of 2480 and 5859248.
496
Calculate the greatest common divisor of 117955055 and 6740.
1685
Calculate the highest common factor of 18925881 and 741.
741
What is the greatest common divisor of 651491098 and 354?
118
What is the greatest common factor of 1709904 and 4116?
588
What is the highest common divisor of 705 and 209855?
235
Calculate the highest common factor of 21160 and 62320800.
920
Calculate the greatest common factor of 287 and 16724843.
41
What is the highest common divisor of 5896 and 49115154?
1474
Calculate the highest common divisor of 397340 and 51690.
10
What is the highest common factor of 255028 and 4480?
4
What is the greatest common divisor of 191565 and 78518?
473
What is the highest common factor of 16146 and 6083454?
1794
What is the highest common divisor of 51 and 307712716?
17
Calculate the highest common factor of 7805 and 1210221.
223
Calculate the highest common factor of 80 and 674116.
4
Calculate the greatest common divisor of 212813 and 531.
59
What is the highest common factor of 132310 and 2766794?
202
Calculate the highest common factor of 2846764 and 54.
2
Calculate the highest common divisor of 13330 and 888770.
310
What is the greatest common divisor of 96361925 and 23925?
7975
Calculate the highest common factor of 40644535 and 5.
5
What is the highest common factor of 315 and 28102158?
63
Calculate the greatest common divisor of 627956 and 7672.
28
Calculate the greatest common divisor of 14880 and 965960.
1240
What is the greatest common divisor of 1634 and 186133025?
817
What is the highest common factor of 12352 and 18592?
32
What is the greatest common factor of 112 and 317853536?
112
What is the greatest common divisor of 371049342 and 56660?
5666
Calculate the highest common divisor of 588 and 1433152.
196
Calculate the highest common divisor of 322828 and 2165053.
3509
Calculate the highest common factor of 46079 and 17179089.
4189
What is the greatest common factor of 1494 and 22525038?
1494
What is the highest common factor of 1044238344 and 5